{"id":1296,"date":"2024-03-03T12:22:32","date_gmt":"2024-03-03T11:22:32","guid":{"rendered":"https:\/\/bdebibe.com\/?post_type=product&#038;p=1296"},"modified":"2024-03-29T12:52:54","modified_gmt":"2024-03-29T11:52:54","slug":"placa-personalizada","status":"publish","type":"product","link":"https:\/\/bdebibe.com\/index.php\/producto\/placa-personalizada\/","title":{"rendered":"Placa personalizada"},"content":{"rendered":"<p>\u00a1Celebra los momentos m\u00e1s preciosos de la vida junto a tu bebe y familia con nuestra nueva placa de metacrilato recuerdo! Fabricada con metacrilato de alta calidad, esta placa es resistente y duradera, perfecta para preservar esos momentos especiales durante a\u00f1os. Personalizable con vuestro nombre, cualquier fecha importante en vuestra vida, y otros detalles significativos, esta placa se convierte en una pieza \u00fanica y emotiva que captura la esencia de vuestros momentos.<\/p>\n<p>Imagina la alegr\u00eda de tener esta placa en vuestra casa, recordando cada d\u00eda el momento en que tu peque\u00f1o lleg\u00f3 al mundo. No solo es un recuerdo tangible, sino tambi\u00e9n una hermosa pieza decorativa que a\u00f1ade un toque personalizado a cualquier espacio. Cada vez que la veas, te transportar\u00e1s de nuevo a esos momentos de felicidad y amor incondicional.<\/p>\n<p>Nuestro equipo se ha esforzado en dise\u00f1ar esta placa con la m\u00e1xima calidad y atenci\u00f3n al detalle.<\/p>\n<p>Y como queremos que cada momento sea a\u00fan m\u00e1s especial, te ofrecemos un regalo adicional: un enlace a vuestra canci\u00f3n favorita en Spotify. Puedes disfrutar de la m\u00fasica que nos inspira y que forma parte de nuestra historia. Es una forma \u00fanica de compartir un pedacito de nosotros contigo y de hacer que tu experiencia sea a\u00fan m\u00e1s memorable.<\/p>\n<p>No esperes m\u00e1s para crear recuerdos duraderos con tu familia. Hazte con nuestra placa de metacrilato recuerdo hoy mismo y prep\u00e1rate para llenar tu hogar de amor, alegr\u00eda y recuerdos inolvidables.<\/p>\n","protected":false},"excerpt":{"rendered":"<p>\u00a1Presentamos la placa de metacrilato recuerdo, la manera perfecta de capturar esos momentos especiales de un padre con su beb\u00e9 para siempre!<\/p>\n<p>Esta placa de alta calidad est\u00e1 hecha de metacrilato resistente y duradero. Con un dise\u00f1o \u00fanico y personalizado, puedes grabar el nombre vuestro nombre, y cualquier otro detalle que desees recordar. Es el regalo ideal para los nuevos padres o para a\u00f1adir un toque especial a la decoraci\u00f3n de la casa.<\/p>\n<p>\u00a1Escanea con el m\u00f3vil el enlace para escuchar vuestra canci\u00f3n favorita en Spotify mientras creas recuerdos duraderos con tu familia!<\/p>\n<p><strong>* Base no incluida en el precio.\u00a0<\/strong><\/p>\n","protected":false},"featured_media":1268,"comment_status":"open","ping_status":"closed","template":"","meta":[],"product_cat":[112,102],"product_tag":[26,27,103,104,39],"featured_image_urls":{"full":["https:\/\/bdebibe.com\/wp-content\/uploads\/2024\/03\/WhatsApp-Image-2024-03-02-at-11.45.18-AM.jpeg",1600,1201,false],"thumbnail":["https:\/\/bdebibe.com\/wp-content\/uploads\/2024\/03\/WhatsApp-Image-2024-03-02-at-11.45.18-AM-150x150.jpeg",150,150,true],"medium":["https:\/\/bdebibe.com\/wp-content\/uploads\/2024\/03\/WhatsApp-Image-2024-03-02-at-11.45.18-AM-300x225.jpeg",300,225,true],"medium_large":["https:\/\/bdebibe.com\/wp-content\/uploads\/2024\/03\/WhatsApp-Image-2024-03-02-at-11.45.18-AM-768x576.jpeg",768,576,true],"large":["https:\/\/bdebibe.com\/wp-content\/uploads\/2024\/03\/WhatsApp-Image-2024-03-02-at-11.45.18-AM-1024x769.jpeg",1024,769,true],"1536x1536":["https:\/\/bdebibe.com\/wp-content\/uploads\/2024\/03\/WhatsApp-Image-2024-03-02-at-11.45.18-AM-1536x1153.jpeg",1536,1153,true],"2048x2048":["https:\/\/bdebibe.com\/wp-content\/uploads\/2024\/03\/WhatsApp-Image-2024-03-02-at-11.45.18-AM.jpeg",1600,1201,false],"woocommerce_archive_thumbnail":["https:\/\/bdebibe.com\/wp-content\/uploads\/2024\/03\/WhatsApp-Image-2024-03-02-at-11.45.18-AM-500x500.jpeg",500,500,true],"woocommerce_thumbnail":["https:\/\/bdebibe.com\/wp-content\/uploads\/2024\/03\/WhatsApp-Image-2024-03-02-at-11.45.18-AM-300x300.jpeg",300,300,true],"woocommerce_single":["https:\/\/bdebibe.com\/wp-content\/uploads\/2024\/03\/WhatsApp-Image-2024-03-02-at-11.45.18-AM-600x450.jpeg",600,450,true],"woocommerce_gallery_thumbnail":["https:\/\/bdebibe.com\/wp-content\/uploads\/2024\/03\/WhatsApp-Image-2024-03-02-at-11.45.18-AM-100x100.jpeg",100,100,true]},"post_excerpt_stackable":"<p>\u00a1Presentamos la placa de metacrilato recuerdo, la manera perfecta de capturar esos momentos especiales de un padre con su beb\u00e9 para siempre!<\/p>\n<p>Esta placa de alta calidad est\u00e1 hecha de metacrilato resistente y duradero. Con un dise\u00f1o \u00fanico y personalizado, puedes grabar el nombre vuestro nombre, y cualquier otro detalle que desees recordar. Es el regalo ideal para los nuevos padres o para a\u00f1adir un toque especial a la decoraci\u00f3n de la casa.<\/p>\n<p>\u00a1Escanea con el m\u00f3vil el enlace para escuchar vuestra canci\u00f3n favorita en Spotify mientras creas recuerdos duraderos con tu familia!<\/p>\n<p><strong>* Base no incluida en el precio.\u00a0<\/strong><\/p>\n","category_list":"","author_info":{"name":"","url":""},"comments_num":"0 comentarios","jetpack_sharing_enabled":true,"_links":{"self":[{"href":"https:\/\/bdebibe.com\/index.php\/wp-json\/wp\/v2\/product\/1296"}],"collection":[{"href":"https:\/\/bdebibe.com\/index.php\/wp-json\/wp\/v2\/product"}],"about":[{"href":"https:\/\/bdebibe.com\/index.php\/wp-json\/wp\/v2\/types\/product"}],"replies":[{"embeddable":true,"href":"https:\/\/bdebibe.com\/index.php\/wp-json\/wp\/v2\/comments?post=1296"}],"wp:featuredmedia":[{"embeddable":true,"href":"https:\/\/bdebibe.com\/index.php\/wp-json\/wp\/v2\/media\/1268"}],"wp:attachment":[{"href":"https:\/\/bdebibe.com\/index.php\/wp-json\/wp\/v2\/media?parent=1296"}],"wp:term":[{"taxonomy":"product_cat","embeddable":true,"href":"https:\/\/bdebibe.com\/index.php\/wp-json\/wp\/v2\/product_cat?post=1296"},{"taxonomy":"product_tag","embeddable":true,"href":"https:\/\/bdebibe.com\/index.php\/wp-json\/wp\/v2\/product_tag?post=1296"}],"curies":[{"name":"wp","href":"https:\/\/api.w.org\/{rel}","templated":true}]}}