{"id":1343,"date":"2024-03-21T13:14:05","date_gmt":"2024-03-21T12:14:05","guid":{"rendered":"https:\/\/bdebibe.com\/?post_type=product&#038;p=1343"},"modified":"2024-03-21T13:14:05","modified_gmt":"2024-03-21T12:14:05","slug":"estrella-con-datos-de-nacimiento","status":"publish","type":"product","link":"https:\/\/bdebibe.com\/index.php\/producto\/estrella-con-datos-de-nacimiento\/","title":{"rendered":"Estrella con datos de nacimiento"},"content":{"rendered":"<p>Sum\u00e9rgete en la dulzura y la emoci\u00f3n de la llegada de tu peque\u00f1o con nuestra Estrella Personalizada de Datos de Nacimiento. Dise\u00f1ada con amor y cuidado, esta hermosa pieza de decoraci\u00f3n est\u00e1 hecha de madera de alta calidad, cuidadosamente seleccionada por su durabilidad y belleza natural.<\/p>\n<p>Cada estrella es \u00fanica, ya que est\u00e1 personalizada con los datos de nacimiento de tu beb\u00e9, incluyendo su nombre, fecha de nacimiento, hora de nacimiento, peso y longitud. Estos detalles preciosos se graban con precisi\u00f3n y delicadeza utilizando tecnolog\u00eda l\u00e1ser de vanguardia, asegurando que cada detalle sea n\u00edtido y duradero.<\/p>\n<p>El toque final perfecto es el nombre de tu beb\u00e9, pintado a mano en un tono suave de azul, rosa o melocot\u00f3n, seg\u00fan tu preferencia. Esta atenci\u00f3n al detalle agrega un toque de ternura y calidez a la pieza, haciendo que sea a\u00fan m\u00e1s especial y personalizada.<\/p>\n<p>Adem\u00e1s de su belleza est\u00e9tica, nuestra Estrella Personalizada de Datos de Nacimiento tambi\u00e9n est\u00e1 dise\u00f1ada para durar. La madera est\u00e1 cuidadosamente barnizada para protegerla del desgaste y garantizar su longevidad, lo que la convierte en un recuerdo que perdurar\u00e1 durante a\u00f1os.<\/p>\n<p>Con un hilo de terciopelo en la parte posterior para facilitar su colgado, esta estrella es la elecci\u00f3n perfecta para decorar la habitaci\u00f3n del beb\u00e9 o cualquier espacio especial en tu hogar. Ya sea como regalo para ti mismo o para dar a un ser querido, esta estrella personalizada ser\u00e1 un tesoro atesorado que recordar\u00e1 con cari\u00f1o los momentos preciosos del nacimiento de tu beb\u00e9.<\/p>\n","protected":false},"excerpt":{"rendered":"<p>\u00a1Celebra la llegada de tu beb\u00e9 con nuestra Estrella Personalizada de Datos de Nacimiento!<\/p>\n<p>Hecha de madera de alta calidad, esta encantadora estrella presenta los datos de nacimiento de tu beb\u00e9 grabados con l\u00e1ser y su nombre pintado en azul, rosa o melocot\u00f3n.<\/p>\n<p>Ideal para colgar en la habitaci\u00f3n del beb\u00e9, esta estrella est\u00e1 barnizada para una durabilidad excepcional.<\/p>\n<p>\u00a1Un recuerdo precioso que atesorar\u00e1s para siempre!<\/p>\n<p><strong>*Nombre y colores indicarlo en observaciones al terminar de realizar el pedido.\u00a0<\/strong><\/p>\n","protected":false},"featured_media":1344,"comment_status":"open","ping_status":"closed","template":"","meta":[],"product_cat":[50],"product_tag":[],"featured_image_urls":{"full":["https:\/\/bdebibe.com\/wp-content\/uploads\/2024\/03\/20240220_132202-scaled.jpg",1441,2560,false],"thumbnail":["https:\/\/bdebibe.com\/wp-content\/uploads\/2024\/03\/20240220_132202-150x150.jpg",150,150,true],"medium":["https:\/\/bdebibe.com\/wp-content\/uploads\/2024\/03\/20240220_132202-169x300.jpg",169,300,true],"medium_large":["https:\/\/bdebibe.com\/wp-content\/uploads\/2024\/03\/20240220_132202-768x1364.jpg",768,1364,true],"large":["https:\/\/bdebibe.com\/wp-content\/uploads\/2024\/03\/20240220_132202-577x1024.jpg",577,1024,true],"1536x1536":["https:\/\/bdebibe.com\/wp-content\/uploads\/2024\/03\/20240220_132202-865x1536.jpg",865,1536,true],"2048x2048":["https:\/\/bdebibe.com\/wp-content\/uploads\/2024\/03\/20240220_132202-1153x2048.jpg",1153,2048,true],"woocommerce_archive_thumbnail":["https:\/\/bdebibe.com\/wp-content\/uploads\/2024\/03\/20240220_132202-500x500.jpg",500,500,true],"woocommerce_thumbnail":["https:\/\/bdebibe.com\/wp-content\/uploads\/2024\/03\/20240220_132202-300x300.jpg",300,300,true],"woocommerce_single":["https:\/\/bdebibe.com\/wp-content\/uploads\/2024\/03\/20240220_132202-600x1066.jpg",600,1066,true],"woocommerce_gallery_thumbnail":["https:\/\/bdebibe.com\/wp-content\/uploads\/2024\/03\/20240220_132202-100x100.jpg",100,100,true]},"post_excerpt_stackable":"<p>\u00a1Celebra la llegada de tu beb\u00e9 con nuestra Estrella Personalizada de Datos de Nacimiento!<\/p>\n<p>Hecha de madera de alta calidad, esta encantadora estrella presenta los datos de nacimiento de tu beb\u00e9 grabados con l\u00e1ser y su nombre pintado en azul, rosa o melocot\u00f3n.<\/p>\n<p>Ideal para colgar en la habitaci\u00f3n del beb\u00e9, esta estrella est\u00e1 barnizada para una durabilidad excepcional.<\/p>\n<p>\u00a1Un recuerdo precioso que atesorar\u00e1s para siempre!<\/p>\n<p><strong>*Nombre y colores indicarlo en observaciones al terminar de realizar el pedido.\u00a0<\/strong><\/p>\n","category_list":"","author_info":{"name":"","url":""},"comments_num":"0 comentarios","jetpack_sharing_enabled":true,"_links":{"self":[{"href":"https:\/\/bdebibe.com\/index.php\/wp-json\/wp\/v2\/product\/1343"}],"collection":[{"href":"https:\/\/bdebibe.com\/index.php\/wp-json\/wp\/v2\/product"}],"about":[{"href":"https:\/\/bdebibe.com\/index.php\/wp-json\/wp\/v2\/types\/product"}],"replies":[{"embeddable":true,"href":"https:\/\/bdebibe.com\/index.php\/wp-json\/wp\/v2\/comments?post=1343"}],"wp:featuredmedia":[{"embeddable":true,"href":"https:\/\/bdebibe.com\/index.php\/wp-json\/wp\/v2\/media\/1344"}],"wp:attachment":[{"href":"https:\/\/bdebibe.com\/index.php\/wp-json\/wp\/v2\/media?parent=1343"}],"wp:term":[{"taxonomy":"product_cat","embeddable":true,"href":"https:\/\/bdebibe.com\/index.php\/wp-json\/wp\/v2\/product_cat?post=1343"},{"taxonomy":"product_tag","embeddable":true,"href":"https:\/\/bdebibe.com\/index.php\/wp-json\/wp\/v2\/product_tag?post=1343"}],"curies":[{"name":"wp","href":"https:\/\/api.w.org\/{rel}","templated":true}]}}