{"id":2016,"date":"2024-11-17T19:48:06","date_gmt":"2024-11-17T18:48:06","guid":{"rendered":"https:\/\/bdebibe.com\/?post_type=product&#038;p=2016"},"modified":"2024-11-17T19:48:06","modified_gmt":"2024-11-17T18:48:06","slug":"bandeja-de-navidad","status":"publish","type":"product","link":"https:\/\/bdebibe.com\/index.php\/producto\/bandeja-de-navidad\/","title":{"rendered":"Bandeja de navidad"},"content":{"rendered":"<div class=\"flex max-w-full flex-col flex-grow\">\n<div class=\"min-h-8 text-message flex w-full flex-col items-end gap-2 whitespace-normal break-words [.text-message+&amp;]:mt-5\" dir=\"auto\" data-message-author-role=\"assistant\" data-message-id=\"fed31be2-b0dc-40bc-a8d5-256f5fa136e7\" data-message-model-slug=\"gpt-4o\">\n<div class=\"flex w-full flex-col gap-1 empty:hidden first:pt-[3px]\">\n<div class=\"markdown prose w-full break-words dark:prose-invert light\">\n<p>Celebra la tradici\u00f3n navide\u00f1a con un detalle inolvidable: nuestra bandeja personalizada para Pap\u00e1 Noel o los Reyes Magos.<\/p>\n<p>Fabricada en madera de alta calidad y grabada con l\u00e1ser, su dise\u00f1o no se borra con el tiempo, asegurando que sea un recuerdo duradero para muchas Navidades. Ideal para dejar galletas, leche, agua o comida para los renos y camellos, esta bandeja a\u00f1ade un toque especial a la ilusi\u00f3n de los m\u00e1s peque\u00f1os. Personal\u00edzala con los nombres de tu familia para convertirla en una pieza \u00fanica que har\u00e1 a\u00fan m\u00e1s m\u00e1gica la noche m\u00e1s esperada del a\u00f1o.<\/p>\n<\/div>\n<\/div>\n<\/div>\n<\/div>\n","protected":false},"excerpt":{"rendered":"<p>Haz m\u00e1s m\u00e1gica la espera con nuestra bandeja personalizada para Pap\u00e1 Noel o los Reyes Magos. De madera, con dise\u00f1o grabado a l\u00e1ser, es duradera y \u00fanica.<\/p>\n<p>&nbsp;<\/p>\n","protected":false},"featured_media":2017,"comment_status":"open","ping_status":"closed","template":"","meta":[],"product_cat":[53],"product_tag":[],"featured_image_urls":{"full":["https:\/\/bdebibe.com\/wp-content\/uploads\/2024\/11\/2-1.jpg",637,450,false],"thumbnail":["https:\/\/bdebibe.com\/wp-content\/uploads\/2024\/11\/2-1-150x150.jpg",150,150,true],"medium":["https:\/\/bdebibe.com\/wp-content\/uploads\/2024\/11\/2-1-300x212.jpg",300,212,true],"medium_large":["https:\/\/bdebibe.com\/wp-content\/uploads\/2024\/11\/2-1.jpg",637,450,false],"large":["https:\/\/bdebibe.com\/wp-content\/uploads\/2024\/11\/2-1.jpg",637,450,false],"1536x1536":["https:\/\/bdebibe.com\/wp-content\/uploads\/2024\/11\/2-1.jpg",637,450,false],"2048x2048":["https:\/\/bdebibe.com\/wp-content\/uploads\/2024\/11\/2-1.jpg",637,450,false],"woocommerce_archive_thumbnail":["https:\/\/bdebibe.com\/wp-content\/uploads\/2024\/11\/2-1-500x450.jpg",500,450,true],"woocommerce_thumbnail":["https:\/\/bdebibe.com\/wp-content\/uploads\/2024\/11\/2-1-300x300.jpg",300,300,true],"woocommerce_single":["https:\/\/bdebibe.com\/wp-content\/uploads\/2024\/11\/2-1-600x424.jpg",600,424,true],"woocommerce_gallery_thumbnail":["https:\/\/bdebibe.com\/wp-content\/uploads\/2024\/11\/2-1-100x100.jpg",100,100,true]},"post_excerpt_stackable":"<p>Haz m\u00e1s m\u00e1gica la espera con nuestra bandeja personalizada para Pap\u00e1 Noel o los Reyes Magos. De madera, con dise\u00f1o grabado a l\u00e1ser, es duradera y \u00fanica.<\/p>\n<p>&nbsp;<\/p>\n","category_list":"","author_info":{"name":"","url":""},"comments_num":"0 comentarios","jetpack_sharing_enabled":true,"_links":{"self":[{"href":"https:\/\/bdebibe.com\/index.php\/wp-json\/wp\/v2\/product\/2016"}],"collection":[{"href":"https:\/\/bdebibe.com\/index.php\/wp-json\/wp\/v2\/product"}],"about":[{"href":"https:\/\/bdebibe.com\/index.php\/wp-json\/wp\/v2\/types\/product"}],"replies":[{"embeddable":true,"href":"https:\/\/bdebibe.com\/index.php\/wp-json\/wp\/v2\/comments?post=2016"}],"wp:featuredmedia":[{"embeddable":true,"href":"https:\/\/bdebibe.com\/index.php\/wp-json\/wp\/v2\/media\/2017"}],"wp:attachment":[{"href":"https:\/\/bdebibe.com\/index.php\/wp-json\/wp\/v2\/media?parent=2016"}],"wp:term":[{"taxonomy":"product_cat","embeddable":true,"href":"https:\/\/bdebibe.com\/index.php\/wp-json\/wp\/v2\/product_cat?post=2016"},{"taxonomy":"product_tag","embeddable":true,"href":"https:\/\/bdebibe.com\/index.php\/wp-json\/wp\/v2\/product_tag?post=2016"}],"curies":[{"name":"wp","href":"https:\/\/api.w.org\/{rel}","templated":true}]}}